{"id":567,"date":"2020-11-23T13:09:01","date_gmt":"2020-11-23T13:09:01","guid":{"rendered":"http:\/\/ari.ase.ro\/wp\/?page_id=567"},"modified":"2024-04-01T06:49:50","modified_gmt":"2024-04-01T06:49:50","slug":"econ_x","status":"publish","type":"page","link":"https:\/\/ari.ase.ro\/?page_id=567","title":{"rendered":"ECON_X"},"content":{"rendered":"<p>[maxbutton id=&#8221;1&#8243; ]<\/p>\n<table width=\"660\">\n<tbody>\n<tr>\n<td colspan=\"2\" width=\"660\"><strong>DESCRIEREA PROIECTULUI\u00a0<\/strong><\/td>\n<\/tr>\n<tr>\n<td width=\"170\"><strong>Titlul proiectului<\/strong><\/td>\n<td width=\"490\">Dezvoltarea institu\u021bional\u0103 a ASE\u00a0\u00een domeniul\u00a0 cercet\u0103rii de excelen\u021b\u0103\u00a0prin sus\u021binerea cercet\u0103rii avansate, inov\u0103rii \u0219i vizibilit\u0103\u021bii pentru cre\u0219terea competitivit\u0103\u021bii \u00een spa\u021biul de cercetare european<\/td>\n<\/tr>\n<tr>\n<td width=\"170\"><strong>Domeniul vizat<\/strong><\/td>\n<td width=\"490\">6: Sus\u021binerea cercet\u0103rii de excelen\u021b\u0103 din universit\u0103\u021bi<\/td>\n<\/tr>\n<tr>\n<td width=\"170\"><strong>Scopul proiectului<\/strong><\/p>\n<p><strong>\u00a0<\/strong><\/p>\n<p><strong>\u00a0<\/strong><\/td>\n<td width=\"490\">Proiectul are ca scop sus\u021binerea cercet\u0103rii de excelen\u021b\u0103 din cadrul ASE \u00een vederea cre\u0219terii capacit\u0103\u021bii institu\u021bionale de a dezvolta \u015fi implementa activit\u0103\u0163i de cercetare prin preg\u0103tirea cadrului institu\u021bional pentru accesarea noilor programe de finan\u021bare HORIZON EUROPE \u0219i crearea unei ,,piramide&#8221; a vizibilitatii cercet\u0103rii din ASE, respectiv dezvoltarea unui portal al cercet\u0103rii de excelen\u021b\u0103<\/td>\n<\/tr>\n<tr>\n<td width=\"170\"><strong>Durata proiectului: <\/strong><\/td>\n<td width=\"490\">9 luni<\/td>\n<\/tr>\n<tr>\n<td width=\"170\"><strong>Obiectivele proiectului<\/strong><\/p>\n<p><strong>\u00a0<\/strong><\/p>\n<p><strong>\u00a0<\/strong><\/td>\n<td width=\"490\"><strong>Obiectivul principal<\/strong> al proiectului este sus\u021binerea cercet\u0103rii de excelen\u021b\u0103 din cadrul ASE \u0219i cre\u0219terea transparen\u021bei \u0219i vizibilit\u0103\u021bii acesteia, prin preg\u0103tirea cadrului institu\u021bional pentru accesarea noilor programe de finan\u021bare HORIZON EUROPE \u0219i crearea unei ,,<strong>piramide a vizibilitatii cercet\u0103rii din ASE <\/strong><strong>prin<\/strong> <strong>dezvoltarea unui portal al cercet\u0103rii de excelen\u021b\u0103<\/strong>.<\/p>\n<p><strong>OS1. Preg\u0103tirea cadrului institu\u021bional pentru accesarea noilor programe de finan\u021bare HORIZON EUROPE.<\/strong> Se asigur\u0103 continuitatea cercet\u0103rii \u0219i inov\u0103rii, precum \u0219i pozi\u021bionarea acestei arii ca prioritate institu\u021bional\u0103<\/p>\n<p><strong>OS2. <\/strong><strong>Dezvoltarea capabilit\u0103\u021bii institu\u021bionale a ASE \u00een domeniul cercet\u0103rii de excelen\u021b\u0103 <\/strong>prin identificarea factorilor interni \u0219i externi ce vor influen\u021ba cercetarea de excelen\u021b\u0103 din ASE \u00een perioada 2020 \u2013 2027 \u0219i prin dezvoltarea unei culturi a inov\u0103rii<\/p>\n<p><strong>OS3. Cre\u0219terea vizibilit\u0103\u021bii cercet\u0103rii de excelen\u021b\u0103 din ASE prin crearea \u0219i dezvoltarea unui portal al cercet\u0103rii de excelen\u021b\u0103 (Top Economic Research Repository)<\/strong><\/p>\n<p><strong>OS4. Modernizarea platformei de cercetare adaptat\u0103 la nevoile actuale<\/strong>, prin asigurarea func\u021bion\u0103rii \u0219i dezvolt\u0103rii infrastructurii CDI din ASE, \u00een scopul eficientiz\u0103rii managementului rezultatelor CDI<\/p>\n<p><strong>OS5.<\/strong> <strong>Sus\u021binerea capitalului uman de excelen\u021b\u0103 \u00een cercetare prin organizarea a dou\u0103 evenimente cu participare na\u021bional\u0103 \u0219i interna\u021bional\u0103,<\/strong> pentru o cunoa\u0219tere a rezultatelor cercet\u0103rii din ASE, dar \u0219i a direc\u021biilor strategice viitoare<\/td>\n<\/tr>\n<\/tbody>\n<\/table>\n<p><a href=\"http:\/\/ari.ase.ro\/wp\/16-19-octombrie-2020-workshop-online-inovare-si-excelenta-in-programele-cadru-europene\/\"><strong>16-19 octombrie 2020 WORKSHOP ONLINE \u201c<\/strong><strong> INOVARE \u0218I EXCELEN\u021a\u0102 \u00ceN PROGRAMELE CADRU EUROPENE<\/strong><strong>\u201d<\/strong><\/a><\/p>\n<p><a href=\"http:\/\/ari.ase.ro\/wp\/wp-content\/uploads\/2020\/12\/Metodologie_ECON_X-2020-2.pdf\" target=\"_blank\" rel=\"noopener noreferrer\"><strong>Metodologie de sus\u021binere a performan\u021belor \u00een cercetarea de excelen\u021b\u0103 de la nivel academic \u00een cadrul proiectului CNFIS-FDI-2020-0217, \u201cDezvoltarea capabilit\u0103\u021bii institu\u021bionale a ASE Bucure\u0219ti \u00een domeniul cercet\u0103rii de excelen\u021b\u0103 prin sus\u021binerea cercet\u0103rii avansate, a vizibilit\u0103\u021bii \u0219i a capacit\u0103\u021bii de inovare \u00een vederea cre\u0219terii competitivit\u0103\u021bii \u00een spa\u021biul de cercetare european (ECON_X)\u201d \u00a0<\/strong><\/a><\/p>\n<p><a href=\"http:\/\/ari.ase.ro\/wp\/wp-content\/uploads\/2020\/12\/Anexa-2_ECON_X-2020.pdf\" target=\"_blank\" rel=\"noopener noreferrer\"><span style=\"color: #0000ff;\"><strong>Prelungire termene pentru acordarea de stimulente \/ diplome de excelen\u021b\u0103 \u00een cadrul proiectului CNFIS-FDI-2020-0217-ECON_X <\/strong><\/span><\/a><\/p>\n<p><a href=\"http:\/\/ari.ase.ro\/wp\/wp-content\/uploads\/2020\/12\/Comisia-de-selectie-si-de-contestatie_ECON_X-1.pdf\" target=\"_blank\" rel=\"noopener noreferrer\"><strong>COMPONEN\u021aA COMISIEI DE SELEC\u021aIE \u0219i a <\/strong><strong>COMISIEI DE CONTESTA\u021aIE\u00a0<\/strong><strong>\u00a0<\/strong>privind selec\u021bia candida\u021bilor \u00een vederea acord\u0103rii de stimulentele \/ diplome de excelen\u021b\u0103 \u00een cadrul proiectului CNFIS-FDI-2020-0217\u00a0<\/a><\/p>\n<p><a href=\"http:\/\/ari.ase.ro\/wp\/wp-content\/uploads\/2020\/12\/proces-verbal-rez-intermediare.pdf\" target=\"_blank\" rel=\"noopener noreferrer\">Concursul pentru acordarea de stimulente \/ diplome de excelen\u021b\u0103 cercet\u0103rilor \u0219tiin\u021bifice cu impact semnificativ la nivel academic &#8211;<strong> rezultate intermediare<\/strong><\/a><\/p>\n<p style=\"text-align: left;\"><a href=\"http:\/\/ari.ase.ro\/wp\/wp-content\/uploads\/2020\/12\/proces-verbal-final-1.pdf\" target=\"_blank\" rel=\"noopener noreferrer\">Concursul pentru acordarea de stimulente \/ diplome de excelen\u021b\u0103 cercet\u0103rilor \u0219tiin\u021bifice cu impact semnificativ la nivel academic &#8211; <strong>rezultate finale<\/strong><\/a><\/p>\n<p>[maxbutton id=&#8221;1&#8243; ]<\/p>\n<p>&nbsp;<\/p>\n","protected":false},"excerpt":{"rendered":"<p>[maxbutton id=&#8221;1&#8243; ] DESCRIEREA PROIECTULUI\u00a0 Titlul proiectului Dezvoltarea institu\u021bional\u0103&#8230;<\/p>\n","protected":false},"author":5,"featured_media":0,"parent":0,"menu_order":0,"comment_status":"closed","ping_status":"closed","template":"","meta":{"footnotes":""},"class_list":["post-567","page","type-page","status-publish","hentry"],"_links":{"self":[{"href":"https:\/\/ari.ase.ro\/index.php?rest_route=\/wp\/v2\/pages\/567","targetHints":{"allow":["GET"]}}],"collection":[{"href":"https:\/\/ari.ase.ro\/index.php?rest_route=\/wp\/v2\/pages"}],"about":[{"href":"https:\/\/ari.ase.ro\/index.php?rest_route=\/wp\/v2\/types\/page"}],"author":[{"embeddable":true,"href":"https:\/\/ari.ase.ro\/index.php?rest_route=\/wp\/v2\/users\/5"}],"replies":[{"embeddable":true,"href":"https:\/\/ari.ase.ro\/index.php?rest_route=%2Fwp%2Fv2%2Fcomments&post=567"}],"version-history":[{"count":0,"href":"https:\/\/ari.ase.ro\/index.php?rest_route=\/wp\/v2\/pages\/567\/revisions"}],"wp:attachment":[{"href":"https:\/\/ari.ase.ro\/index.php?rest_route=%2Fwp%2Fv2%2Fmedia&parent=567"}],"curies":[{"name":"wp","href":"https:\/\/api.w.org\/{rel}","templated":true}]}}