{"id":10,"date":"2018-04-30T08:34:39","date_gmt":"2018-04-30T08:34:39","guid":{"rendered":"http:\/\/ari.ase.ro\/wp\/?page_id=10"},"modified":"2024-04-01T06:44:18","modified_gmt":"2024-04-01T06:44:18","slug":"misiune-obiective","status":"publish","type":"page","link":"https:\/\/ari.ase.ro\/?page_id=10","title":{"rendered":"Misiune &#038; Obiective"},"content":{"rendered":"<p>ARI este o unitate academic\u0103 de cercetare avansat\u0103, ce func\u021bioneaz\u0103 \u00een cadrul Academiei de Studii Economice din Bucure\u0219ti, cu rolul de a contribui la\u00a0 \u00a0 \u00a0cre\u0219terea gradului de inovare \u0219i dezvoltare tehnologic\u0103, a performan\u021bei academice \u0219i a excelen\u021bei \u00een cercetarea fundamental\u0103 \u0219i aplicativ\u0103.<\/p>\n<h3>Valorile fundamentale care stau la baza activit\u0103\u021bii ARI sunt:<\/h3>\n<ul>\n<li>Suportul real \u0219i motivarea cadrelor didactice, a cercet\u0103torilor, doctoranzilor \u0219i a altor entit\u0103\u021bi interesate s\u0103 participe la conceperea \u0219i implementarea activit\u0103\u021bilor de cercetare multi-disciplinar\u0103 \u0219i a proiectelor interna\u021bionale, cu scopul de a-\u0219i \u00eembun\u0103t\u0103\u021bi abilit\u0103\u021bile de cercetare, precum \u0219i activitatea didactic\u0103 sau alte ini\u021biative \u0219tiin\u021bifice;<\/li>\n<li>Corectitudine, transparen\u021b\u0103 \u0219i etic\u0103 \u00een aplicarea criteriilor optime \u00een procesul de derulare a proiectelor de cercetare sau \u00een evaluarea \u0219i promovarea cercet\u0103torilor sau a cadrelor didactice;<\/li>\n<li>Diseminarea corect\u0103 \u0219i complet\u0103 a rezultatelor \u0219tiin\u021bifice ob\u021binute \u00een activitatea de cercetare;<\/li>\n<li>Protejarea propriet\u0103\u021bii intelectuale, ca rezultat generat de activitatea \u0219tiin\u021bific\u0103, prin sus\u021binerea unei atitudini intransigente \u00eempotriva plagiatului;<\/li>\n<li>Consecven\u021b\u0103 \u00een derularea unor activit\u0103\u021bi de cercetare inovatoare, creative \u0219i axate pe subiecte de interes global, conectate totodat\u0103 la procesul educa\u021bional cu o calitate ridicat\u0103.<\/li>\n<\/ul>\n<h3>De asemenea, ARI \u00ee\u0219i propune drept obiective, urm\u0103toarele:<\/h3>\n<ul>\n<li>ini\u021bierea \u0219i desf\u0103\u0219urarea unor activit\u0103\u021bi de cercetare \u0219tiin\u021bific\u0103 avansat\u0103 \/ proiecte de cercetare, cu caracter interdisciplinar, prin participarea centrelor de cercetare ale ASE, \u0219colilor doctorale \u0219i a cercet\u0103torilor afilia\u021bi \u0219i neafilia\u021bi centrelor de cercetare, compatibile \u0219i comparabile cu preocup\u0103rile existente \u00een acest domeniu pe plan interna\u021bional, pentru punerea \u00een valoare a avantajelor competitive ale ASE;<\/li>\n<li>atragerea \/ accesarea unor resurse financiare destinate unit\u0103\u021bilor de cercetare similare (institutelor de cercetare ale universit\u0103\u021bilor), pe plan na\u021bional \u0219i interna\u021bional;<\/li>\n<li>cre\u0219terea capacit\u0103\u021bii de atragere de finan\u021bare pentru cercetare prin identificarea de surse destinate acestui domeniu \u0219i formularea de propuneri de proiecte \u00een competi\u021biile na\u021bionale \u0219i interna\u021bionale, pentru toate proiectele de cercetare cu caracter interdisciplinar din ASE, care presupun participarea unor cercet\u0103tori din cel pu\u021bin dou\u0103 centre de cercetare existente \u00een cadrul ASE;<\/li>\n<li>coagularea unor poli de excelen\u021b\u0103 \u00een cercetare \u0219i sus\u021binerea, \u00een cadrul ASE, pe baze competitive, din resursele proprii ale universit\u0103\u021bii sau atrase, a unor programe \u0219i proiecte de cercetare pe subiecte de interes major la nivel interna\u021bional, european, na\u021bional \u0219i institu\u021bional, \u00eendeosebi pentru tineri cercet\u0103tori;<\/li>\n<li>abordarea prin proiectele de cercetare a provoc\u0103rilor societale majore identificate \u00een documente strategice precum Strategia Europa 2020 \u0219i Strategia Na\u021bional\u0103 de Cercetare \u0219i Inovare 2014-2020;<\/li>\n<li>ini\u021bierea unor rela\u021bii de colaborare \u0219tiin\u021bific\u0103 \u0219i academic\u0103 \u00eentre ARI \u0219i alte institute \u0219i centre de cercetare din \u021bar\u0103 \u0219i din str\u0103in\u0103tate; &#8211; dezvoltarea unui cadru de exprimare a unor puncte de vedere pe teme majore din domeniul economic \u0219i social, de interes na\u021bional;<\/li>\n<li>oferirea unor stagii de cercetare unor personalit\u0103\u021bi \u0219tiin\u021bifice sau dezvoltarea unor programe de fellowship, pe baze competitive, pentru atragerea unor resurse umane de calitate (de tip brain gain);<\/li>\n<li>cre\u0219terea calit\u0103\u021bii produc\u021biei \u0219tiin\u021bifice prin elaborarea de c\u0103r\u021bi \u0219i articole publicate \u00een edituri \u0219i reviste cotate \u00een fluxul principal de publica\u021bii precum \u0219i sus\u021binerea, din resurse proprii, a particip\u0103rii membrilor ARI la conferin\u021be interna\u021bionale de prestigiu;<\/li>\n<li>organizarea de conferin\u021be \u0219tiin\u021bifice \/ seminarii \u0219tiin\u021bifice \/ manifest\u0103ri \u0219tiin\u021bifice de \u00eenalt nivel, cu participarea unor personalit\u0103\u021bi cu activitate recunoscut\u0103 pe plan na\u021bional \u0219i interna\u021bional.<\/li>\n<\/ul>\n","protected":false},"excerpt":{"rendered":"<p>ARI este o unitate academic\u0103 de cercetare avansat\u0103, ce&#8230;<\/p>\n","protected":false},"author":5,"featured_media":0,"parent":0,"menu_order":0,"comment_status":"closed","ping_status":"closed","template":"","meta":{"footnotes":""},"class_list":["post-10","page","type-page","status-publish","hentry"],"_links":{"self":[{"href":"https:\/\/ari.ase.ro\/index.php?rest_route=\/wp\/v2\/pages\/10","targetHints":{"allow":["GET"]}}],"collection":[{"href":"https:\/\/ari.ase.ro\/index.php?rest_route=\/wp\/v2\/pages"}],"about":[{"href":"https:\/\/ari.ase.ro\/index.php?rest_route=\/wp\/v2\/types\/page"}],"author":[{"embeddable":true,"href":"https:\/\/ari.ase.ro\/index.php?rest_route=\/wp\/v2\/users\/5"}],"replies":[{"embeddable":true,"href":"https:\/\/ari.ase.ro\/index.php?rest_route=%2Fwp%2Fv2%2Fcomments&post=10"}],"version-history":[{"count":0,"href":"https:\/\/ari.ase.ro\/index.php?rest_route=\/wp\/v2\/pages\/10\/revisions"}],"wp:attachment":[{"href":"https:\/\/ari.ase.ro\/index.php?rest_route=%2Fwp%2Fv2%2Fmedia&parent=10"}],"curies":[{"name":"wp","href":"https:\/\/api.w.org\/{rel}","templated":true}]}}