{"id":1861,"date":"2024-06-10T11:39:57","date_gmt":"2024-06-10T08:39:57","guid":{"rendered":"https:\/\/ari.ase.ro\/?page_id=1861"},"modified":"2024-06-10T11:39:57","modified_gmt":"2024-06-10T08:39:57","slug":"workshop-economie-circulara-si-managementul-deseurilor-in-contextul-dezvoltarii-sustenabile","status":"publish","type":"page","link":"http:\/\/ari.ase.ro\/?page_id=1861","title":{"rendered":"Workshop \u201cECONOMIE CIRCULAR\u0102 \u0218I MANAGEMENTUL DE\u0218EURILOR \u00ceN CONTEXTUL DEZVOLT\u0102RII SUSTENABILE\u201d"},"content":{"rendered":"<p><strong><u>Activitatea AII.3 Sesiuni de instruire pentru preg\u0103tirea cercet\u0103torilor care vor activa \u00een cadrul infrastructurilor de cercetare<\/u><\/strong><\/p>\n<p style=\"text-align: justify;\">Institutul de Cercetari Avansate impreuna cu Facultatea de Economie Agroalimentar\u0103 \u0219i a Mediului din cadrul Academiei de Studii Economice din Bucure\u0219ti au organizat, \u00een data de <strong>15.10.2022<\/strong>, \u00een corela\u021bie cu obiectivele \u0219i activit\u0103\u021bile planificate ale proiectului ,,<strong>Cre\u0219terea performan\u021bei institu\u021bionale prin dezvoltarea infrastructurii \u0219i ecosistemului de cercetare de excelen\u021b\u0103 transdisciplinar\u0103 \u00een domeniul socio-economic (PERFECTIS)\u201dPFE-CDI_ID_585, <\/strong>workshop-ul cu tema \u201c<strong>Economie Circular\u0103 \u0219i Managementul De\u0219eurilor \u00een contextul Dezvolt\u0103rii Sustenabile<\/strong> \u201d in cadrul caruia s-a realiza o <strong>alta sesiune de instruire a doctoranzilor<\/strong> la care fost invitat s\u0103 participe \u00a0\u00a0d<strong>omnul Constantin DAMOV, Pre\u0219edintele Coali\u021biei pentru Economie Circular\u0103, cercet\u0103tor afiliat , specialist din mediul de afaceri.<\/strong><\/p>\n<p><a href=\"https:\/\/ari.ase.ro\/?attachment_id=1862\" rel=\"attachment wp-att-1862\"><img loading=\"lazy\" decoding=\"async\" class=\"alignnone size-medium wp-image-1862\" src=\"http:\/\/ari.ase.ro\/wp-content\/uploads\/2024\/06\/Picture21-300x200.png\" alt=\"\" width=\"300\" height=\"200\" srcset=\"http:\/\/ari.ase.ro\/wp-content\/uploads\/2024\/06\/Picture21-300x200.png 300w, http:\/\/ari.ase.ro\/wp-content\/uploads\/2024\/06\/Picture21.png 455w\" sizes=\"auto, (max-width: 300px) 100vw, 300px\" \/><\/a><a href=\"https:\/\/ari.ase.ro\/?attachment_id=1863\" rel=\"attachment wp-att-1863\"><img loading=\"lazy\" decoding=\"async\" class=\"alignnone size-medium wp-image-1863\" src=\"http:\/\/ari.ase.ro\/wp-content\/uploads\/2024\/06\/Picture22-300x196.png\" alt=\"\" width=\"300\" height=\"196\" srcset=\"http:\/\/ari.ase.ro\/wp-content\/uploads\/2024\/06\/Picture22-300x196.png 300w, http:\/\/ari.ase.ro\/wp-content\/uploads\/2024\/06\/Picture22.png 448w\" sizes=\"auto, (max-width: 300px) 100vw, 300px\" \/><\/a><\/p>\n<p style=\"text-align: justify;\">Dezbaterile \u00een cadrul sesiunii de instruire care a avut loc in partea a doua a workshopului ,,\u201cEconomie Circular\u0103 \u0219i Managementul De\u0219eurilor \u00een contextul Dezvolt\u0103rii Sustenabile \u201d s-au axat pe urm\u0103toarele aspecte:<\/p>\n<ul>\n<li style=\"text-align: justify;\">rolul economiei circulare \u00een dezvoltarea durabil\u0103 -trecerea la o economie circular\u0103 ar putea reduce emisiile de gaze cu efect de ser\u0103 cu 39% \u0219i u\u0219ura presiunea asupra materialelor virgine cu 28%, conform raportului THE CIRCULARITY GAP REPORT 2021, publicat pe 26 ianuarie 2021,<\/li>\n<li style=\"text-align: justify;\">dezvoltarea standardelor de utilizare eficient\u0103 a resurselor pe fiecare flux de de\u0219euri sau pe alte tipuri de resurse, de finan\u021bare a inova\u021biei \u0219i cercet\u0103rii \u00een dezvoltarea de noi tehnologii.<\/li>\n<li style=\"text-align: justify;\">educa\u021bia poate accelera tranzi\u021bia spre o economie circular\u0103 \u00eentruc\u00e2t are rolul de a schimba modul de g\u00e2ndire \u00een r\u00e2ndul indivizilor \u0219i, implicit, al societ\u0103\u021bii. Astfel, viziunea spre o economie a viitorului \u00een care primeaz\u0103 principiile dezvolt\u0103rii durabile \u0219i utilizarea eficient\u0103 a resurselor naturale poate deveni realitate \u00een condi\u021biile \u00een care va exista o schimbare a modului de g\u00e2ndire cu privire la rela\u021biile dintre economie \u0219i societate, pe de-o parte, \u0219i mediu, pe de alt\u0103 parte.<\/li>\n<li style=\"text-align: justify;\">perspectivele economiei circulare \u00een Rom\u00e2nia,<\/li>\n<li style=\"text-align: justify;\">realizarea de parteneriate \u00eentre mediul academic , institu\u021bii publice, mediul de afaceri, societatea civil\u0103,<\/li>\n<li style=\"text-align: justify;\">indicarea posibilelor teme de colaborare \u0219tiin\u021bific\u0103 de interes \u00een perioada urm\u0103toare pentru care se pot forma echipe pentru a aplica la competi\u021bii de proiecte de cercetare.<\/li>\n<\/ul>\n","protected":false},"excerpt":{"rendered":"<p>Activitatea AII.3 Sesiuni de instruire pentru preg\u0103tirea cercet\u0103torilor care&#8230;<\/p>\n","protected":false},"author":5,"featured_media":0,"parent":0,"menu_order":0,"comment_status":"closed","ping_status":"closed","template":"","meta":{"footnotes":""},"class_list":["post-1861","page","type-page","status-publish","hentry"],"_links":{"self":[{"href":"http:\/\/ari.ase.ro\/index.php?rest_route=\/wp\/v2\/pages\/1861","targetHints":{"allow":["GET"]}}],"collection":[{"href":"http:\/\/ari.ase.ro\/index.php?rest_route=\/wp\/v2\/pages"}],"about":[{"href":"http:\/\/ari.ase.ro\/index.php?rest_route=\/wp\/v2\/types\/page"}],"author":[{"embeddable":true,"href":"http:\/\/ari.ase.ro\/index.php?rest_route=\/wp\/v2\/users\/5"}],"replies":[{"embeddable":true,"href":"http:\/\/ari.ase.ro\/index.php?rest_route=%2Fwp%2Fv2%2Fcomments&post=1861"}],"version-history":[{"count":0,"href":"http:\/\/ari.ase.ro\/index.php?rest_route=\/wp\/v2\/pages\/1861\/revisions"}],"wp:attachment":[{"href":"http:\/\/ari.ase.ro\/index.php?rest_route=%2Fwp%2Fv2%2Fmedia&parent=1861"}],"curies":[{"name":"wp","href":"https:\/\/api.w.org\/{rel}","templated":true}]}}