{"id":1744,"date":"2024-06-09T16:47:56","date_gmt":"2024-06-09T13:47:56","guid":{"rendered":"https:\/\/ari.ase.ro\/?page_id=1744"},"modified":"2024-06-09T16:47:56","modified_gmt":"2024-06-09T13:47:56","slug":"laboratorul-de-cercetari-asupra-comportamentului-utilizatorilor-in-retele-sociale-online-si-big-data","status":"publish","type":"page","link":"http:\/\/ari.ase.ro\/?page_id=1744","title":{"rendered":"Laboratorul de Cercet\u0103ri asupra comportamentului utilizatorilor \u00een re\u021bele sociale online \u0219i Big Data"},"content":{"rendered":"<p><strong>Sesiune de instruire a doctoranzilor in cadrul Laboratorul de Cercet\u0103ri asupra comportamentului utilizatorilor \u00een re\u021bele sociale online \u0219i Big Data<\/strong><\/p>\n<p>Dezvoltarea Laboratorului pentru Cercet\u0103ri asupra comportamentului utilizatorilor \u00een re\u021bele sociale online \u015fi Big Data (Social Media Lab) a atras deja numero\u015fi cercet\u0103tori din cadrul Academiei de Studii Economice din Bucure\u015fti, marea lor majoritate din r\u00e2ndul studen\u0163ilor doctoranzi \u015fi post-doctoranzi. Pentru ace\u015ftia, dar \u015fi pentru popularizarea activit\u0103\u0163ilor Social Media Lab a fost organizat\u0103 o sesiune special\u0103 \u00een cadrul conferin\u0163ei interna\u0163ionale Emerging Technologies in Social Media Marketing, \u00een data de <strong>2 iulie 2022<\/strong>. Pe l\u00e2ng\u0103 membrii Social Media Lab, au participat invita\u0163i interna\u0163ionali (profesor Tammo Bijmolt, profesor de Cercet\u0103ri de Marketing la Universitatea din Groningen, Olanda \u015fi editor la International Journal of Research in Marketing, Journal of Marketing, Journal of Retailing \u015fi International Journal of Electronic Commerce \u015fi profesor Maciej Mitrega, professor laUniversitatea Economica din Katowice, director al Departamentului de Management al Rela\u0163iilor Organiza\u0163ionale) \u015fi cadre didactice din cadrul Academiei de Studii Economice din Bucure\u015fti. \u00cen cadrul acestei \u00eent\u00e2lniri a fost inclus\u0103 o sesiune de formare a doctoranzilor privind scrierea academic\u0103 a articolelor \u0219tiin\u021bifice publicate \u00een reviste editate \u00een str\u0103in\u0103tate \u0219i cotate Web of Science \u015fi au fost prezentate lucr\u0103ri \u0219tiin\u021bifice realizate de c\u0103tre membrii Laboratorului pentru Cercet\u0103ri asupra comportamentului utilizatorilor \u00een re\u021bele sociale online \u015fi Big Data.<\/p>\n<p><a href=\"https:\/\/ari.ase.ro\/?attachment_id=1745\" rel=\"attachment wp-att-1745\"><img loading=\"lazy\" decoding=\"async\" class=\"alignnone size-medium wp-image-1745\" src=\"http:\/\/ari.ase.ro\/wp-content\/uploads\/2024\/06\/Picture8-300x163.jpg\" alt=\"\" width=\"300\" height=\"163\" srcset=\"http:\/\/ari.ase.ro\/wp-content\/uploads\/2024\/06\/Picture8-300x163.jpg 300w, http:\/\/ari.ase.ro\/wp-content\/uploads\/2024\/06\/Picture8.jpg 636w\" sizes=\"auto, (max-width: 300px) 100vw, 300px\" \/><\/a><a href=\"https:\/\/ari.ase.ro\/?attachment_id=1746\" rel=\"attachment wp-att-1746\"><img loading=\"lazy\" decoding=\"async\" class=\"alignnone size-medium wp-image-1746\" src=\"http:\/\/ari.ase.ro\/wp-content\/uploads\/2024\/06\/Picture9-177x300.jpg\" alt=\"\" width=\"177\" height=\"300\" srcset=\"http:\/\/ari.ase.ro\/wp-content\/uploads\/2024\/06\/Picture9-177x300.jpg 177w, http:\/\/ari.ase.ro\/wp-content\/uploads\/2024\/06\/Picture9-603x1024.jpg 603w, http:\/\/ari.ase.ro\/wp-content\/uploads\/2024\/06\/Picture9.jpg 734w\" sizes=\"auto, (max-width: 177px) 100vw, 177px\" \/><\/a><a href=\"https:\/\/ari.ase.ro\/?attachment_id=1747\" rel=\"attachment wp-att-1747\"><img loading=\"lazy\" decoding=\"async\" class=\"alignnone size-medium wp-image-1747\" src=\"http:\/\/ari.ase.ro\/wp-content\/uploads\/2024\/06\/Picture10-171x300.jpg\" alt=\"\" width=\"171\" height=\"300\" srcset=\"http:\/\/ari.ase.ro\/wp-content\/uploads\/2024\/06\/Picture10-171x300.jpg 171w, http:\/\/ari.ase.ro\/wp-content\/uploads\/2024\/06\/Picture10-583x1024.jpg 583w, http:\/\/ari.ase.ro\/wp-content\/uploads\/2024\/06\/Picture10.jpg 708w\" sizes=\"auto, (max-width: 171px) 100vw, 171px\" \/><\/a><\/p>\n<p>&nbsp;<\/p>\n","protected":false},"excerpt":{"rendered":"<p>Sesiune de instruire a doctoranzilor in cadrul Laboratorul de&#8230;<\/p>\n","protected":false},"author":5,"featured_media":0,"parent":0,"menu_order":0,"comment_status":"closed","ping_status":"closed","template":"","meta":{"footnotes":""},"class_list":["post-1744","page","type-page","status-publish","hentry"],"_links":{"self":[{"href":"http:\/\/ari.ase.ro\/index.php?rest_route=\/wp\/v2\/pages\/1744","targetHints":{"allow":["GET"]}}],"collection":[{"href":"http:\/\/ari.ase.ro\/index.php?rest_route=\/wp\/v2\/pages"}],"about":[{"href":"http:\/\/ari.ase.ro\/index.php?rest_route=\/wp\/v2\/types\/page"}],"author":[{"embeddable":true,"href":"http:\/\/ari.ase.ro\/index.php?rest_route=\/wp\/v2\/users\/5"}],"replies":[{"embeddable":true,"href":"http:\/\/ari.ase.ro\/index.php?rest_route=%2Fwp%2Fv2%2Fcomments&post=1744"}],"version-history":[{"count":0,"href":"http:\/\/ari.ase.ro\/index.php?rest_route=\/wp\/v2\/pages\/1744\/revisions"}],"wp:attachment":[{"href":"http:\/\/ari.ase.ro\/index.php?rest_route=%2Fwp%2Fv2%2Fmedia&parent=1744"}],"curies":[{"name":"wp","href":"https:\/\/api.w.org\/{rel}","templated":true}]}}