{"id":1736,"date":"2024-06-09T16:41:55","date_gmt":"2024-06-09T13:41:55","guid":{"rendered":"https:\/\/ari.ase.ro\/?page_id=1736"},"modified":"2024-06-09T16:42:29","modified_gmt":"2024-06-09T13:42:29","slug":"laboratorul-de-analize-si-cercetari-in-economie-circulara-si-mediu","status":"publish","type":"page","link":"http:\/\/ari.ase.ro\/?page_id=1736","title":{"rendered":"Laboratorul de analize \u0219i cercet\u0103ri \u00een economie circular\u0103 \u0219i mediu"},"content":{"rendered":"<p><strong>Sesiune de instruire a doctoranzilor \u00een cadrul Laboratorului de analize\u00a0 \u0219i cercet\u0103ri \u00een economie circular\u0103 \u0219i mediu<\/strong><\/p>\n<p>Crearea \u0219i amenajarea laboratorului de analize \u0219i cercet\u0103ri \u00een\u00a0 economie circular\u0103 \u0219i mediu \u00een cadrul Academiei de Studii Economice din Bucure\u0219ti trebuie \u00eenso\u021bit\u0103 de atragerea unui num\u0103r suficient de cercet\u0103tori care s\u0103 se implice \u00een activitatea de cercetare. \u00cen acest sens,\u00a0 a fost organizat\u0103 o \u00eent\u0103lnire\u00a0 cu doctoranzii pe 12.04.2022, online (<a href=\"https:\/\/ase.zoom.us\/j\/5023865157\">https:\/\/ase.zoom.us\/j\/5023865157<\/a>), scopul \u00eent\u0103lnirii fiind o sesiune de formare a doctoranzilor privind scrierea academic\u0103 a articolelor \u0219tiintifice publicate \u00een reviste editate \u00een str\u0103in\u0103tate \u0219i cotate Web of Science.<\/p>\n<p><strong><em> <a href=\"https:\/\/ari.ase.ro\/?attachment_id=1737\" rel=\"attachment wp-att-1737\"><img loading=\"lazy\" decoding=\"async\" class=\"alignnone size-medium wp-image-1737\" src=\"http:\/\/ari.ase.ro\/wp-content\/uploads\/2024\/06\/Picture6-1-300x147.png\" alt=\"\" width=\"300\" height=\"147\" srcset=\"http:\/\/ari.ase.ro\/wp-content\/uploads\/2024\/06\/Picture6-1-300x147.png 300w, http:\/\/ari.ase.ro\/wp-content\/uploads\/2024\/06\/Picture6-1.png 684w\" sizes=\"auto, (max-width: 300px) 100vw, 300px\" \/><\/a><a href=\"https:\/\/ari.ase.ro\/?attachment_id=1738\" rel=\"attachment wp-att-1738\"><img loading=\"lazy\" decoding=\"async\" class=\"alignnone size-medium wp-image-1738\" src=\"http:\/\/ari.ase.ro\/wp-content\/uploads\/2024\/06\/Picture7-1-300x157.png\" alt=\"\" width=\"300\" height=\"157\" srcset=\"http:\/\/ari.ase.ro\/wp-content\/uploads\/2024\/06\/Picture7-1-300x157.png 300w, http:\/\/ari.ase.ro\/wp-content\/uploads\/2024\/06\/Picture7-1.png 739w\" sizes=\"auto, (max-width: 300px) 100vw, 300px\" \/><\/a><\/em><\/strong><\/p>\n<p><strong><em>\u00a0<\/em><\/strong><\/p>\n<p><strong><em>\u00a0<\/em><\/strong><\/p>\n","protected":false},"excerpt":{"rendered":"<p>Sesiune de instruire a doctoranzilor \u00een cadrul Laboratorului de&#8230;<\/p>\n","protected":false},"author":5,"featured_media":0,"parent":0,"menu_order":0,"comment_status":"closed","ping_status":"closed","template":"","meta":{"footnotes":""},"class_list":["post-1736","page","type-page","status-publish","hentry"],"_links":{"self":[{"href":"http:\/\/ari.ase.ro\/index.php?rest_route=\/wp\/v2\/pages\/1736","targetHints":{"allow":["GET"]}}],"collection":[{"href":"http:\/\/ari.ase.ro\/index.php?rest_route=\/wp\/v2\/pages"}],"about":[{"href":"http:\/\/ari.ase.ro\/index.php?rest_route=\/wp\/v2\/types\/page"}],"author":[{"embeddable":true,"href":"http:\/\/ari.ase.ro\/index.php?rest_route=\/wp\/v2\/users\/5"}],"replies":[{"embeddable":true,"href":"http:\/\/ari.ase.ro\/index.php?rest_route=%2Fwp%2Fv2%2Fcomments&post=1736"}],"version-history":[{"count":0,"href":"http:\/\/ari.ase.ro\/index.php?rest_route=\/wp\/v2\/pages\/1736\/revisions"}],"wp:attachment":[{"href":"http:\/\/ari.ase.ro\/index.php?rest_route=%2Fwp%2Fv2%2Fmedia&parent=1736"}],"curies":[{"name":"wp","href":"https:\/\/api.w.org\/{rel}","templated":true}]}}